19 - (-3 + -3 - -3)).
-21
Calculate 96 - ((9 + 39 - 56) + 38).
66
What is -94 + 1 - (398 - 191 - 200)?
-100
Calculate 38 + -2 + 71 + -4 + -49.
54
What is the value of -68 + (-60 - 0) - -60?
-68
Evaluate -24 - -1 - (29 + -53 + (26 - (-11 + 12))).
-24
What is the value of (-37 - (15 - -15)) + 125?
58
Calculate 0 + -3 + (1 - 21) - (-38 + -14 - -40).
-11
Evaluate -51 - (-45 + 56 - 45) - -109.
92
Calculate (-42 - (-29 - -8)) + -5.
-26
What is -57 + 4 + -1 - -15?
-39
Calculate 112 - 114 - (11 - -58).
-71
What is the value of -61 + (31 - (-34 + 50))?
-46
What is (-18 - -19 - 52) + 21 - 0?
-30
What is the value of 19 + -1 + -6 + -4 + (9 - -58)?
75
Calculate (50 + -17 + -13 - (-2 - (4 + -5))) + 0.
21
Calculate -28 - (-61 + 43 + (34 - 16)).
-28
Evaluate -3 + -27 + 1 + 2 + -1 + -617 + 622.
-23
Calculate (10 - (20 - (8 - (15 + -29)))) + -33 + -2.
-23
Evaluate 2 + -7 + (2 - 1) - (33 - (0 + 63)).
26
41 + 3 + -54 - -3
-7
What is the value of 79 + -3 + -29 + (-9 - (-14 - 9))?
61
Calculate -2 - (-37 + -2 + 10 + -15) - (-3 + -3).
48
(-77 - -10) + 74 - (-2 + 76)
-67
Calculate 14 - ((-40 - 43) + 36).
61
Evaluate 38 - ((-3 - 6) + -12 + 1 + 15).
43
What is the value of 1 + 5 + 3 + (-109 - -41) + 45?
-14
What is (391 - 473) + -84 - (1 - 32)?
-135
What is (-31 - -3) + 187 + -170?
-11
Evaluate -28 - 1 - ((-16 - 143) + 215).
-85
Evaluate 7 - (5 + 1 + (-11 - -132) - (-148 - -154)).
-114
Calculate 9 - (6 - (14 - 5) - 15).
27
What is (-122 - -82) + -69 + 96?
-13
Evaluate 100 + -20 + 2 + 18 + (0 - 1).
99
(14 - (-21 + (34 - 12))) + (0 - -1) + 5
19
-13 + 6 - -14 - 7 - (-22 + 16 - -9)
-3
(-9 - -74) + (-26 - -15) + -4
50
What is the value of 2 + -2 + 43 + -57 + 3 + -44?
-55
Calculate -55 + 69 + 9 + -46.
-23
Evaluate 3 + -7 - (0 + (2 - -11)).
-17
What is the value of -6 + (9 - 2) + 51 - 3?
49
Calculate 0 + (-7 + 16 - 65) + -35.
-91
Calculate 55 - 0 - (-3 - (-14 + 13 + -5) - -4).
48
Evaluate 14 + (-14 - 77) - (11 + 2 + 1).
-91
Evaluate -36 - (10 - 18) - -12.
-16
0 - (-52 + -21 + 133)
-60
155 - (222 - (86 - 39))
-20
Evaluate -488 - -505 - (-20 - 7).
44
What is the value of (-6 - -8 - -35) + (19 - 31)?
25
What is the value of -20 - (-71 - 57) - 40?
68
What is 21 + (-48 - -23 - (-1 - 17))?
14
What is the value of -10 - -33 - (-233 + 335)?
-79
Calculate 14 + (30 - 100) + (-2 - (9 + -8 + -5)).
-54
What is the value of -92 + (-4 - -31) + -15 + (-2 - (-3 + 1))?
-80
What is the value of 1 + -4 + -1 - (29 + -32) - -33?
32
What is (31 - 26 - -2) + (1 - (-1 + 8)) - -15?
16
-19 - (-77 + -25) - (6 - (5 + (-6 - 5)))
71
Evaluate -40 + 19 + (107 - 61).
25
Calculate 9 - (-19 - -79 - 32).
-19
-15 + -60 + 98 - 36
-13
What is the value of -1 - (35 - 113) - 114?
-37
37 + (-31 - 26) - -20
0
-32 - (-49 - (6 - (-40 + 21)))
42
Evaluate -3 - (7 + -27 + 8) - 6.
3
Calculate -13 + (22 - 0) + -98 - (37 - 30).
-96
Calculate -34 - ((-26 - -23) + -16 - -2).
-17
What is the value of (9 - (6 - 3 - 6)) + -4 + -2?
6
Evaluate (-27 - (27 - 14)) + (-116 - -120).
-36
Calculate -4 + (-7 - 18) + -9 + 3 + (-45 - -43).
-37
Evaluate 29 + -9 - 45 - -40.
15
What is -4 + -81 - -23 - (-40 + 14)?
-36
What is 11 + 1 - 2 - (-42 + (72 - 22))?
2
Evaluate 1 - -3 - -4 - (-143 + 168).
-17
What is the value of (-18 - ((-80 - -18) + 47)) + (-5 - -2 - -2)?
-4
What is the value of 2 - 76 - (146 + -155)?
-65
What is the value of -27 + -6 + (-20 + 21 - -6) + 15?
-11
Evaluate -1 + -53 - (18 + -67 + 29).
-34
Calculate -3 + -7 + 22 - (8 + -14 + 12).
6
Calculate -31 + 71 - (-1 + 40).
1
Calculate 1061 + -1057 - (52 + 6 + -10).
-44
7 + 13 + -9 + 29 + (6 - 12)
34
Evaluate (0 - 0) + 12 + (-5 - (18 + -26)).
15
Calculate (133 - 2) + 11786 + -11851.
66
What is the value of (9 - (-7 - -3)) + -11 - (1 + 12 + -2)?
-9
55 - (62 + -10 - 7)
10
Evaluate -1027 + 1058 + 0 + (3 - -12).
46
What is (-7 - -20) + (-289 - -253) - -20?
-3
What is 0 + (20 - (18 - (-2 - -13))) + -17?
-4
What is the value of (10 - (-2 - (9 - (-6 + 10)))) + -3 - 8?
6
(-25 + 60 - (57 - 39)) + -15
2
What is the value of 0 + 1 - (-3 + (58 - (-45 + 36)))?
-63
Calculate (-148 + 115 - (1 - -78)) + 33.
-79
What is -3 - ((-12 - 5) + -8) - (-2 - -9 - 11)?
26
-45 + 18 + 10 + 9 + -4
-12
What is (-1 + -6 - (1979 - 1982)) + -1 + 0 + 6?
1
What is -221 - -227 - ((19 - 1) + -2) - 49?
-59
What is the value of 133 + 73 + -159 + -7?
40
What is the value of (-40 - -28) + 6 + (10 - (-2 - -16))?
-10
Evaluate (-5 - (-9 + 12)) + 163 + -124.
31
0 + -23 + 770 + -763
-16
What is the value of -615 - -686 - (0 + 7)?
64
What is the value of 20 + (-28 - -12) + 3 + -21 - 1?
-15
Calculate 3 - ((-1 + 2 - -13) + (-142 - -121)).
10
Calculate (-20 - 10 - -7) + -11 - -9.
-25
98 + 2 + (800 - 1004)
-104
(102 + -84 + -34 + 1 - -30) + -58
-43
Evaluate -10 - (-62 - (-7 + (-3 - -5)) - (-6 + 1)).
42
Calculate -2 + -4 + (-21 - -26) + 48.
47
Evaluate 21 - (69 - (224 + -233 + (24 - 0))).
-33
Evaluate 1 + 21 + -1 - (69 + (-117 - -52)).
17
(14 - -25) + -44 + -7 + (2 - 36)
-46
Evaluate (-4 - 4) + (10 - (-53 + 105)).
-50
Evaluate -2 + -213 - -212 - (-1 + -79).
77
Calculate -39 + (4 - -47) - 42.
-30
-31 - 0 - (-4832 + 4801)
0
What is (-6 - (14 + -10)) + (-1 - (-11 - 6)) + -50?
-44
Evaluate 3 + -32 + (-9 - (47 - (20 + 16))).
-49
Evaluate -3 + (-1 - (10 - -3) - (20 - 24)).
-13
What is 6 - 45 - (-871 + 782)?
50
Evaluate -40 - (14 + -9 + -31) - -60.
46
What is (55 + -7 - 12) + (-43 - -29)?
22
Calculate -30 - ((-85 - -112) + -20).
-37
What is the value of (18 - (-2 - 0 - 3)) + 142 + -145?
20
What is -3 + 126 + (22 - -8) - (-8 + 5 - -1)?
155
Calculate 322 - 366 - (-3 + 10).
-51
Calculate 26 + 6 + -18 - (45 + -2 + -3 + 0).
-26
-14 - (18 + (36 - 59 - -29))
-38
What is the value of (76 - 201 - -122) + (-5 - -2)?
-6
24 + (29 - (-21 - -65)) - 66
-57
Calculate (6 - 3) + (-22 - (-31 - -17) - -4) + 46.
45
What is -12 - 2 - (-6 - 5 - 1)?
-2
What is -22 - -93 - (28 - -41)?
2
(415 + -411 - (23 + (-6 - -5) + -4)) + -57
-71
What is the value of 97 + -32 - 36 - 21?
8
What is (9 - (-1 + 3)) + (562 - 528 - (2 + 48))?
-9
What is the value of (2469 - 2481) + -1 + 1 - (-1 + -68)?
57
What is the value of (-49 - (36 - (-1 + 16))) + 36?
-34
Calculate -240 + 178 - (-25 + (13 - 7)).
-43
Evaluate 2 + -2 + 12 + (-34 - -20) + -15.
-17
What is -30 + (35 - 74) + 49?
-20
What is -13 + -9 + (20 - 38)?
-40
Evaluate 32 + 40 + (10 - 45).
37
What is (-18 - (-27 + -14) - (0 - -13)) + 37?
47
What is (-11 - (-18 - (-10 - (69 + 9)))) + (2 - -2)?
-77
Calculate -52 + -39 + 70 - 36.
-57
15 - (-15 - (-33 + -4)) - (-34 - 0 - 0)
27
Calculate -98 - (-153 - (24 + -103)).
-24
Calculate 1 + (26 - 13) - (-12 + 2 - -2).
22
What is -164 + 117 - (-2 - 53)?
8
What is the value of -8 + -16 + (16 - (-12 + 18)) + -1 + 7?
-8
What is 41 - (94 - (63 + -32))?
-22
What is the value of (24 - 27) + (64 + -71 - (-55 - (4 + -3)))?
46
What is -3 + (-7 - 8 - 27) + (3 - 2 - 4)?
-48
Evaluate 5 - 7 - (41 - 20).
-23
-50 - (-34 + (28 + -23 - -4))
-25
What is -96 - -154 - (89 - 25)?
-6
18 - 10 - (3 - (32 + -34 - (103 + -3)))
-97
What is 105 - (-36 - -157) - (4 + -1 + 3)?
-22
What is the value of -9 + 5 + 9 + (-16 - (-117 + 39))?
67
Evaluate (3546 - 3469) + -1 + 3.
79
What is 10 + (5 - 6) + 7 + (-95 - (-2 + -17))?
-60
What is the value of (-549 - -444) + (0 - -59)?
-46
Calculate 19 + -5 + -7 + 16 + -12 + 4.
15
What is the value of (0 + 1 - 15) + (43 - -6 - 59 - 57)?
-81
What is (-1 - -10) + (-14 - (-19 - (0 + 8)))?
22
Evaluate 0 + (3 - -2) + 8 + -55 + -3 + 44.
-1
Calculate -104 - (64 + -48 + -90).
-30
What is 4 + -1 + 3 - (-27 + (132 - 66))?
-33
Calculate 54 - (4 - -11 - (2 - (0 - 1))).
42
What is -4 + (-132 - -166) + 25?
55
(-6 - 51 - -4) + (25 + -22 - 8 - -20)
-38
What is the value of -113 + 35 - (9 + (6 - (2 - (-7 + -3))))?
-81
-15 + (156 - 153 - (5 + -3 + 3))
-17
Calculate -3 + -21 - ((35 - 6) + -146).
93
11 + (56 - (83 + -69))
53
What is the value of (-48 - (-75 - -40)) + -14?
-27
What is the value of 1160 + -1219 + (72 - 4)?
9
What is 31 + (-31 - 18) + -26 - 62?
-106
What is the value of (58 - (-3 + 0) - ((41 - 8) + -23)) + -1?
50
Calculate -4 + (0 + 10 - (-12 + 8) - 52).
-42
Calculate 10 + (-20 - -24) + -10 - (-26 - 2).
32
Evaluate (-3 - -77) + 339 + -360 - (-9 - 1).
63
Evaluate 54 - (70 - -9 - 49).
24
What is 94 - (-12 + 0 + (-17 - (-48 - -23) - -13))?
85
What is 5 - (6 - (-22 - ((-30 - -14) + 6)))?
-13
What